l(k) = 26*k + 339. Give l(-12).
27
Let k(u) = u**2 - 3*u - 12. What is k(5)?
-2
Let l(v) = -3*v**2 - 74*v + 18. Give l(-25).
-7
Let x(b) = -b**3 - 21*b**2 - 22*b - 33. What is x(-20)?
7
Let u(y) = y**3 + y**2 + 2*y + 6. What is u(4)?
94
Let c(r) = 3*r + 25. What is c(-7)?
4
Let a(u) = -u**3 + 4*u**2 + 7*u - 9. Give a(5).
1
Let d(j) = -2*j**2 + 6*j + 3. What is d(-2)?
-17
Let v(z) = -z**3 + 4*z**2 + z - 4. What is v(3)?
8
Let v(y) = -15*y - 31. What is v(-3)?
14
Let c(d) = -d - 11. Calculate c(10).
-21
Let y(u) = u**3 - 5*u**2 + 4. Determine y(5).
4
Let r(g) = -g**3 + 5*g**2 - 2*g + 3. Calculate r(5).
-7
Let y(x) = -5*x - 3. Give y(-6).
27
Let q(w) = -14*w - 51. Give q(-4).
5
Let u(o) = -o**3 - 6*o**2 - 2*o - 4. Calculate u(-7).
59
Let s(z) = z**3 + 10*z**2 + 16*z + 3. What is s(-8)?
3
Let f(k) = k**2 + 6*k - 5. What is f(-5)?
-10
Let w(g) = g**2 - 2*g - 211. What is w(0)?
-211
Let s(l) = -3*l**2 + l - 1. What is s(-3)?
-31
Let s(r) = 8*r**2 - 2*r - 1. Determine s(4).
119
Let q(z) = 5*z**3 - 4*z**2 + 8*z - 4. Calculate q(1).
5
Let q(i) = -i**3 + 12*i**2 + 9*i + 17. Calculate q(13).
-35
Let s(k) = k**2 + 13*k + 10. What is s(-13)?
10
Let k(l) = -15*l + 2. Give k(-1).
17
Let r(m) = m**3 - 3*m**2 + 3*m - 14. What is r(3)?
-5
Let a(d) = d**3 + d**2 - 20*d + 6. Give a(-5).
6
Let b(l) = 14*l**2 + 2*l + 1. What is b(-1)?
13
Let b(v) = -v**3 - 8*v**2 + 5*v + 11. Give b(-8).
-29
Let c(d) = 4*d + 3. Determine c(11).
47
Let h(s) = -s**3 - 2*s**2 + s + 1. Determine h(2).
-13
Let j(z) = 7*z + 6. What is j(-4)?
-22
Let f(j) = 3*j + 65. What is f(-20)?
5
Let p(b) = b**2 - 9*b - 19. What is p(11)?
3
Let s(y) = y**3 - 15*y**2 - 16*y + 5. Determine s(16).
5
Let c(w) = -w - 2. Determine c(4).
-6
Let p(f) = -11*f - 729. Determine p(-67).
8
Let j(o) = 9*o + 1. Calculate j(-2).
-17
Let h(w) = w**2 + 9*w + 10. Give h(-8).
2
Let l(i) = i**3 + 10*i**2 - 39*i - 6. What is l(-13)?
-6
Let i(g) = g**3 - 11*g**2 + g - 4. Calculate i(11).
7
Let h(z) = -z**3 - 32*z**2 - 29*z + 52. Calculate h(-31).
-10
Let d(t) = t**2 - 9*t - 10. Give d(7).
-24
Let s(p) = p**2 + 12*p - 28. Give s(-14).
0
Let s(r) = 11*r - 1. Calculate s(5).
54
Let i(s) = -s**3 - 2*s**2 + 25*s + 5. Calculate i(-6).
-1
Let f(a) = -a**2 - 7*a - 22. Determine f(-3).
-10
Let h(t) = t**3 + 10*t**2 + 15*t - 12. Give h(-8).
-4
Let x(g) = -g**2 - 10*g - 6. Calculate x(-10).
-6
Let p(y) = y**3 - 2*y**2 - 71*y + 248. What is p(4)?
-4
Let s(g) = -2*g**2 + 32*g - 5. Determine s(16).
-5
Let m(i) = -i**3 - 6*i**2 - 7*i - 11. Give m(-5).
-1
Let u(k) = -k**3 + 23*k**2 - 3*k + 70. Give u(23).
1
Let w(j) = -j**3 - 6*j**2 - 8*j + 3. Calculate w(-3).
0
Let r(t) = -t**3 - t**2 - 11. Give r(0).
-11
Let y(u) = -2*u + 57. What is y(23)?
11
Let b(g) = g**2 - 21*g + 32. Calculate b(20).
12
Let c(r) = r**2 + 11*r - 104. What is c(6)?
-2
Let b(s) = 8*s + 118. What is b(-16)?
-10
Let s(i) = 3*i**3 - 2*i + 1. Determine s(1).
2
Let w(t) = -3*t - 27. What is w(-14)?
15
Let o(t) = -6*t**3 - t**2 + t - 1. Calculate o(1).
-7
Let g(b) = -b**3 + 3*b**2 + b - 6. Calculate g(3).
-3
Let s(h) = -2*h**2 - 45*h - 158. Determine s(-18).
4
Let v(d) = 3*d + 4. Give v(-4).
-8
Let a(q) = q**2 - 6*q + 7. Determine a(5).
2
Let d(i) = 5*i**2 - 4*i - 7. Give d(-3).
50
Let t(m) = -3*m + 32. Calculate t(13).
-7
Let h(l) = -l**2 + 12*l - 3. Determine h(2).
17
Let u(s) = -4*s + 10. Determine u(2).
2
Let k(x) = x + 4. Give k(5).
9
Let t(i) = -i**2 - 5*i. What is t(4)?
-36
Let n(r) = -r**3 - 4*r**2 + 5*r + 6. Give n(-4).
-14
Let g(q) = q**2 - 12*q - 13. Give g(13).
0
Let u(t) = 13*t + 34. Give u(-4).
-18
Let w(y) = -y**3 - 9*y**2 + 7*y + 13. What is w(-9)?
-50
Let h(l) = -2*l**2 - 6. Give h(0).
-6
Let m(f) = -f**3 - 3*f**2 - 5. Determine m(-3).
-5
Let o(q) = -q - 7. Determine o(8).
-15
Let y(r) = r**2 - 13*r - 10. Determine y(13).
-10
Let c(s) = s**3 + 29*s**2 + 32*s + 107. What is c(-28)?
-5
Let u(n) = n + 10. Calculate u(-7).
3
Let j(q) = 2*q**2 - q - 28. Give j(5).
17
Let n(v) = v**3 - 34*v**2 + 94*v - 31. What is n(31)?
0
Let t(q) = 3*q - 36. Determine t(6).
-18
Let a(f) = f**3 + 3*f**2 - 2*f - 7. Determine a(-3).
-1
Let p(h) = -13*h + 218. Give p(16).
10
Let p(h) = h**3 - h**2 - 12*h + 8. Calculate p(-4).
-24
Let p(g) = -3*g**2 + 20*g - 79. Give p(5).
-54
Let f(p) = 9*p - 5. What is f(3)?
22
Let q(w) = w**2 + 7*w + 1. What is q(-8)?
9
Let k(y) = -y**3 - 13*y**2 - 12*y + 6. Give k(-12).
6
Let v(a) = a**3 + 5*a**2 - a - 27. Determine v(-4).
-7
Let n(j) = -6*j - 239. What is n(-41)?
7
Let w(o) = o**2 - 3*o + 8. What is w(2)?
6
Let a(y) = -8*y**2 + 2*y + 5. Calculate a(-2).
-31
Let y(z) = -12*z + 3. What is y(3)?
-33
Let x(y) = 28*y + 355. Give x(-13).
-9
Let o(c) = -11*c - 30. Determine o(-12).
102
Let c(b) = 5*b**2 + 41*b + 12. Calculate c(-8).
4
Let j(t) = -t**3 + 4*t**2 - 2*t + 6. Determine j(4).
-2
Let l(v) = v**3 + 12*v**2 - 12*v + 13. Determine l(-13).
0
Let p(r) = 4*r**2 + 75*r - 27. Determine p(-19).
-8
Let t(q) = -q + 5. What is t(5)?
0
Let o(g) = 18*g - 9. Calculate o(-6).
-117
Let y(u) = 9*u**3 + u + 1. What is y(-1)?
-9
Let y(d) = -2*d**3 - 9*d**2 - 14*d + 4. Calculate y(-4).
44
Let l(z) = -6*z + 31. Give l(6).
-5
Let i(p) = -7*p + 2. Give i(8).
-54
Let t(h) = -16*h + 358. Give t(22).
6
Let v(l) = -7*l - 3. Calculate v(-3).
18
Let v(g) = -g - 3. Determine v(-5).
2
Let k(f) = 6*f**2 + f. What is k(-1)?
5
Let h(t) = -t**3 + 10*t**2 + t - 7. Give h(10).
3
Let w(r) = -3*r + 69. Calculate w(21).
6
Let f(m) = m**3 + 27*m**2 + 3*m + 80. Determine f(-27).
-1
Let f(g) = g**3 + 9*g**2 - 2*g - 13. Determine f(-9).
5
Let u(s) = 17*s - 438. Give u(26).
4
Let b(g) = -g**3 - 4*g**2 - 4*g - 13. Determine b(-4).
3
Let f(o) = 13*o**3 - 2*o**2 - 2*o + 2. What is f(2)?
94
Let i(s) = -s + 52. Calculate i(18).
34
Let k(f) = f**3 + 8*f**2 + 4*f - 10. Determine k(-7).
11
Let p(h) = 110*h - 2. What is p(0)?
-2
Let z(j) = -j - 7. What is z(-13)?
6
Let n(k) = -4*k + 25. Give n(-6).
49
Let i(r) = -5*r + 40. Determine i(7).
5
Let c(z) = -2*z**2 + 45. What is c(-5)?
-5
Let o(n) = -n**2 - 23*n - 86. Calculate o(-19).
-10
Let v(u) = -2*u**3 - u**2 + 3*u + 6. What is v(-3)?
42
Let f(b) = 146*b + 137. What is f(-1)?
-9
Let u(s) = -s + 7. Calculate u(5).
2
Let b(a) = 4*a + 135. Determine b(-32).
7
Let n(y) = y**3 - 28*y**2 + 28*y - 20. Calculate n(27).
7
Let q(v) = v**3 + 14*v**2 + v + 5. Calculate q(-14).
-9
Let r(j) = -j**3 - 24*j**2 + 22*j - 80. Determine r(-25).
-5
Let s(i) = -i - 24. Determine s(-12).
-12
Let t(b) = -10*b - 3. What is t(2)?
-23
Let g(y) = -2*y**2 - 30*y - 1. Calculate g(-15).
-1
Let g(t) = -2*t**3 - 8*t**2 + 2*t + 16. Calculate g(-6).
148
Let b(p) = p**3 - 5*p**2 - 4*p + 5. Give b(2).
-15
Let j(g) = -27*g + 247. Calculate j(11).
-50
Let z(b) = b**3 + 2*b**2 - 3*b - 7. Give z(0).
-7
Let k(q) = 2*q + 1. Determine k(-19).
-37
Let o(d) = -d**2 + 5*d + 10. Calculate o(11).
-56
Let v(p) = -6*p**2 + 4*p - 2. Calculate v(3).
-44
Let z(o) = -30*o - 16. Determine z(2).
-76
Let h(t) = -t**3 + 47*t**2 - 47*t + 47. Determine h(46).
1
Let z(f) = -19*f**2 + 1. What is z(-1)?
-18
Let i(w) = w**3 - 6*w**2 + 8*w + 3. Calculate i(5).
18
Let d(l) = l - 3. Give d(7).
4
Let u(y) = -2*y - 25. Give u(-12).
-1
Let k(u) = -5*u - 60. Calculate k(-14).
10
Let p(f) = -f**3 - 16*f**2 - 33*f + 32. Calculate p(-13).
-46
Let v(z) = -4*z - 10. What is v(-6)?
14
Let f(q) = -2*q**2 + 37*q - 56. What is f(0)?
-56
Let c(g) = g**2 + 7*g - 2. Calculate c(-8).
6
Let h(l) = 30*l - 749. Calculate h(25).
1
Let h(t) = -5*t**2 + 10*t + 20. What is h(6)?
-100
Let c(y) = -35*y - 25. Determine c(-2).
45
Let a(g) = g**2 - 50*g - 345. Give a(-6).
-9
Let n(l) = -2*l**2 - 32*l - 3. Give n(-11).
107
Let w(s) = -10*s + 16. Give w(4).
-24
Let x(g) = g**3 + 10*g**2 + 12*g + 17. What is x(-9)?
-10
Let j(v) = -5*v**2 + 7*v + 7. What is j(-1)?
-5
Let f(x) = -x**3 + 27*x**2 - 117*x + 140. Calculate f(22).
-14
Let j(m) = -11*m + 77. Give j(7).
0
Let k(w) = 31*w + 841. Calculate k(-27).
4
Let l(b) = -17*b**3 + b**2 - 1. Determine l(1).
-17
Let m(x) = -x**3 - 15*x**2 + 51*x - 58. Calculate m(-18).
-4
Let h(r) = 4*r + 1. Determine h(1).
5
Let b(a) = -a**3 + 8*a**2 + a - 3. Give b(4).
65
Let i(h) = h**2 + 54. Give i(0).
54
Let i(z) = -z**3 + 4*z**2 + 6*z - 19. Determine i(3).
8
Let s(r) = -7*r + 94. Calculate s(8).
38
Let n(u